er when 588 is divided by 31?
30
What is the remainder when 121 is divided by 45?
31
Calculate the remainder when 1162 is divided by 71.
26
What is the remainder when 3873 is divided by 5?
3
What is the remainder when 52 is divided by 39?
13
Calculate the remainder when 1433 is divided by 290.
273
What is the remainder when 240 is divided by 111?
18
Calculate the remainder when 482 is divided by 475.
7
What is the remainder when 745 is divided by 251?
243
Calculate the remainder when 154 is divided by 59.
36
Calculate the remainder when 440 is divided by 74.
70
Calculate the remainder when 436 is divided by 25.
11
What is the remainder when 1242 is divided by 413?
3
Calculate the remainder when 10632 is divided by 217.
216
Calculate the remainder when 45 is divided by 23.
22
Calculate the remainder when 1228 is divided by 82.
80
Calculate the remainder when 23 is divided by 5.
3
Calculate the remainder when 59 is divided by 17.
8
What is the remainder when 359 is divided by 90?
89
What is the remainder when 767 is divided by 128?
127
What is the remainder when 196 is divided by 44?
20
Calculate the remainder when 16 is divided by 6.
4
Calculate the remainder when 17402 is divided by 169.
164
Calculate the remainder when 1698 is divided by 122.
112
What is the remainder when 551 is divided by 111?
107
What is the remainder when 51 is divided by 29?
22
Calculate the remainder when 390 is divided by 63.
12
Calculate the remainder when 708 is divided by 79.
76
What is the remainder when 3857 is divided by 143?
139
What is the remainder when 311 is divided by 7?
3
What is the remainder when 393 is divided by 24?
9
What is the remainder when 1304 is divided by 406?
86
What is the remainder when 622 is divided by 69?
1
What is the remainder when 1240 is divided by 527?
186
Calculate the remainder when 107 is divided by 45.
17
What is the remainder when 15716 is divided by 271?
269
Calculate the remainder when 112 is divided by 7.
0
What is the remainder when 115 is divided by 33?
16
What is the remainder when 119 is divided by 36?
11
What is the remainder when 8381 is divided by 364?
9
Calculate the remainder when 852 is divided by 14.
12
Calculate the remainder when 59 is divided by 22.
15
Calculate the remainder when 304 is divided by 157.
147
Calculate the remainder when 2853 is divided by 24.
21
What is the remainder when 161 is divided by 9?
8
What is the remainder when 102 is divided by 37?
28
Calculate the remainder when 102 is divided by 67.
35
What is the remainder when 848 is divided by 424?
0
What is the remainder when 82 is divided by 41?
0
What is the remainder when 1976 is divided by 33?
29
What is the remainder when 45 is divided by 13?
6
What is the remainder when 924 is divided by 199?
128
What is the remainder when 271 is divided by 139?
132
What is the remainder when 256 is divided by 222?
34
What is the remainder when 69 is divided by 15?
9
Calculate the remainder when 71 is divided by 19.
14
What is the remainder when 191 is divided by 8?
7
Calculate the remainder when 1642 is divided by 31.
30
What is the remainder when 1295 is divided by 203?
77
What is the remainder when 30 is divided by 7?
2
Calculate the remainder when 957 is divided by 116.
29
Calculate the remainder when 130 is divided by 54.
22
What is the remainder when 472 is divided by 24?
16
What is the remainder when 546 is divided by 25?
21
Calculate the remainder when 62283 is divided by 23.
22
What is the remainder when 109 is divided by 4?
1
Calculate the remainder when 359 is divided by 353.
6
Calculate the remainder when 795 is divided by 48.
27
What is the remainder when 228 is divided by 47?
40
Calculate the remainder when 1432 is divided by 708.
16
Calculate the remainder when 761 is divided by 199.
164
Calculate the remainder when 1007 is divided by 1005.
2
Calculate the remainder when 1014 is divided by 7.
6
Calculate the remainder when 1787 is divided by 16.
11
What is the remainder when 281 is divided by 4?
1
Calculate the remainder when 260 is divided by 36.
8
Calculate the remainder when 28982 is divided by 11.
8
What is the remainder when 86 is divided by 37?
12
What is the remainder when 31 is divided by 6?
1
What is the remainder when 113 is divided by 85?
28
What is the remainder when 62 is divided by 32?
30
Calculate the remainder when 486 is divided by 122.
120
What is the remainder when 174 is divided by 118?
56
What is the remainder when 45 is divided by 19?
7
What is the remainder when 130 is divided by 20?
10
Calculate the remainder when 965 is divided by 22.
19
Calculate the remainder when 1548 is divided by 1543.
5
Calculate the remainder when 581 is divided by 258.
65
Calculate the remainder when 276 is divided by 130.
16
Calculate the remainder when 4010 is divided by 13.
6
Calculate the remainder when 139 is divided by 74.
65
Calculate the remainder when 3606 is divided by 190.
186
Calculate the remainder when 569 is divided by 187.
8
What is the remainder when 1822 is divided by 300?
22
Calculate the remainder when 583 is divided by 96.
7
What is the remainder when 62 is divided by 37?
25
Calculate the remainder when 161 is divided by 30.
11
What is the remainder when 5115 is divided by 22?
11
What is the remainder when 8045 is divided by 2670?
35
What is the remainder when 374 is divided by 69?
29
Calculate the remainder when 1736 is divided by 5.
1
What is the remainder when 2330 is divided by 774?
8
What is the remainder when 130 is divided by 61?
8
What is the remainder when 619 is divided by 69?
67
What is the remainder when 123 is divided by 45?
33
What is the remainder when 838 is divided by 838?
0
Calculate the remainder when 30215 is divided by 67.
65
What is the remainder when 82 is divided by 21?
19
What is the remainder when 243 is divided by 61?
60
Calculate the remainder when 2488 is divided by 13.
5
What is the remainder when 5829 is divided by 830?
19
What is the remainder when 1116 is divided by 34?
28
What is the remainder when 3888 is divided by 205?
198
Calculate the remainder when 212 is divided by 101.
10
What is the remainder when 137 is divided by 43?
8
Calculate the remainder when 3203 is divided by 229.
226
What is the remainder when 35 is divided by 6?
5
What is the remainder when 12990 is divided by 16?
14
Calculate the remainder when 314 is divided by 29.
24
Calculate the remainder when 154 is divided by 6.
4
Calculate the remainder when 1129 is divided by 74.
19
What is the remainder when 969 is divided by 21?
3
What is the remainder when 1300 is divided by 425?
25
What is the remainder when 2011 is divided by 33?
31
What is the remainder when 1471 is divided by 238?
43
Calculate the remainder when 591 is divided by 9.
6
Calculate the remainder when 202 is divided by 41.
38
Calculate the remainder when 462 is divided by 459.
3
What is the remainder when 647 is divided by 162?
161
Calculate the remainder when 51 is divided by 18.
15
What is the remainder when 62 is divided by 17?
11
What is the remainder when 259 is divided by 202?
57
Calculate the remainder when 1089 is divided by 348.
45
What is the remainder when 8475 is divided by 163?
162
What is the remainder when 831 is divided by 136?
15
Calculate the remainder when 1558 is divided by 12.
10
What is the remainder when 197 is divided by 96?
5
What is the remainder when 3850 is divided by 962?
2
What is the remainder when 29 is divided by 17?
12
What is the remainder when 656 is divided by 32?
16
Calculate the remainder when 4928 is divided by 352.
0
Calculate the remainder when 1961 is divided by 198.
179
What is the remainder when 1423 is divided by 75?
73
Calculate the remainder when 4114 is divided by 4101.
13
What is the remainder when 136 is divided by 26?
6
What is the remainder when 445 is divided by 54?
13
Calculate the remainder when 2067 is divided by 9.
6
What is the remainder when 104 is divided by 3?
2
Calculate the remainder when 3821 is divided by 426.
413
Calculate the remainder when 391 is divided by 60.
31
Calculate the remainder when 602 is divided by 19.
13
What is the remainder when 70 is divided by 20?
10
What is the remainder when 394 is divided by 33?
31
Calculate the remainder when 97 is divided by 46.
5
What is the remai